{"id":2291,"date":"2026-03-03T14:45:06","date_gmt":"2026-03-03T13:45:06","guid":{"rendered":"https:\/\/sophieduchamp.fr\/?page_id=2291"},"modified":"2026-03-06T15:34:23","modified_gmt":"2026-03-06T14:34:23","slug":"mon-approche","status":"publish","type":"page","link":"https:\/\/sophieduchamp.fr\/index.php\/mon-approche\/","title":{"rendered":"MON APPROCHE"},"content":{"rendered":"\n<div style=\"height:10px\" aria-hidden=\"true\" class=\"wp-block-spacer\"><\/div>\n\n\n\n<p class=\"has-text-color has-link-color has-large-font-size wp-elements-6725d1af8d818109ab15731de0af4332\" style=\"color:#d9a299;text-transform:uppercase\"><strong><strong>le yoga, UNE PHILOSOPHIE DE VIE<\/strong><\/strong><\/p>\n\n\n\n<div class=\"wp-block-columns is-layout-flex wp-container-core-columns-is-layout-9d6595d7 wp-block-columns-is-layout-flex\">\n<div class=\"wp-block-column is-layout-flow wp-block-column-is-layout-flow\" style=\"flex-basis:10%\"><\/div>\n\n\n\n<div class=\"wp-block-column is-layout-flow wp-block-column-is-layout-flow\" style=\"flex-basis:70%\">\n<figure class=\"wp-block-image aligncenter size-full is-resized\"><img fetchpriority=\"high\" decoding=\"async\" width=\"351\" height=\"500\" src=\"https:\/\/sophieduchamp.fr\/wp-content\/uploads\/2026\/03\/Black-And-White-Minimalist-Typography-Personal-Logo-4.png\" alt=\"\" class=\"wp-image-2297\" style=\"aspect-ratio:0.7020408163265306;width:233px;height:auto\" srcset=\"https:\/\/sophieduchamp.fr\/wp-content\/uploads\/2026\/03\/Black-And-White-Minimalist-Typography-Personal-Logo-4.png 351w, https:\/\/sophieduchamp.fr\/wp-content\/uploads\/2026\/03\/Black-And-White-Minimalist-Typography-Personal-Logo-4-211x300.png 211w, https:\/\/sophieduchamp.fr\/wp-content\/uploads\/2026\/03\/Black-And-White-Minimalist-Typography-Personal-Logo-4-100x142.png 100w, https:\/\/sophieduchamp.fr\/wp-content\/uploads\/2026\/03\/Black-And-White-Minimalist-Typography-Personal-Logo-4-150x214.png 150w, https:\/\/sophieduchamp.fr\/wp-content\/uploads\/2026\/03\/Black-And-White-Minimalist-Typography-Personal-Logo-4-200x285.png 200w, https:\/\/sophieduchamp.fr\/wp-content\/uploads\/2026\/03\/Black-And-White-Minimalist-Typography-Personal-Logo-4-300x427.png 300w\" sizes=\"(max-width: 351px) 100vw, 351px\" \/><\/figure>\n\n\n\n<p class=\"has-text-color has-link-color has-small-font-size wp-elements-edaab5050e1c19744bf39edfada19f56\" style=\"color:#a16e66\">J\u2019ai d\u00e9couvert le yoga il y a une dizaine d\u2019ann\u00e9e lors d\u2019un voyage en Asie du Sud Est. Je me souviens encore de l\u2019\u00e9tat dans lequel j\u2019ai \u00e9t\u00e9 plong\u00e9e \u00e0 la suite de mon premier cours de yoga&nbsp;: une <strong>b\u00e9atitude<\/strong> inexplicable, j\u2019ai juste accueilli ce sentiment puissant de <strong>pl\u00e9nitude<\/strong>, <strong>calme <\/strong>et bien-\u00eatre. Un sourire immense sur le visage et un mental compl\u00e8tement calm\u00e9 et <strong>apais\u00e9<\/strong>. Par la suite j\u2019ai continu\u00e9 \u00e0 pratiquer, apprendre et d\u00e9couvrir. Jusqu\u2019\u00e0 ce premier voyage en <strong>Inde o\u00f9 j\u2019ai re\u00e7u ma premi\u00e8re formation<\/strong>, confirmant l\u2019\u00e9vidence de cette rencontre avec le Yoga qui me guide aujourd\u2019hui au quotidien. Cette philosophie de vie, ces sagesses, grands principes et enseignements continuent \u00e0 me nourrir au quotidien. <strong>Et je suis anim\u00e9e par cette envie de partager et transmettre tout cela pour accompagner ceux qui le souhaitent<\/strong>.<br><br>Le Yoga est un univers riche et vaste dont le sacr\u00e9 et les enseignements ont tendance malheureusement \u00e0 \u00eatre un peu d\u00e9laiss\u00e9 et mis de c\u00f4t\u00e9 au profit d\u2019une simple pratique physique et posturale dans notre monde occidental. Il me tient vraiment \u00e0 c\u0153ur, de partager dans mes cours, autre chose que cette simple approche physique \u00e0 laquelle il est inconcevable pour de moi de r\u00e9duire le yoga. J\u2019aime partager <strong>les sagesses du Yoga<\/strong>, ses fondements et <strong>ses grands principes<\/strong> pour que le yoga ne se passe pas simplement sur le tapis une fois par semaine pendant le cours mais qu\u2019il soit dans notre quotidien <strong>source d\u2019inspiration<\/strong>, de d\u00e9veloppement, connaissance et amour de soi.<br><br>Pour moi le Yoga est bien plus qu\u2019un \u00ab&nbsp;chien t\u00eate en bas&nbsp;\u00bb ou une \u00ab&nbsp;salutation au soleil&nbsp;\u00bb. <strong>Le Yoga est une philosophie de vie qui nous guide au quotidien<\/strong>. Le Yoga ne peut \u00eatre r\u00e9duit \u00e0 la simple notion de pratique physique et posturale. Les postures sont effectivement part int\u00e9grante de la pratique du Yoga mais elles sont \u00ab&nbsp;simplement&nbsp;\u00bb le moyen d\u2019<strong>apprendre \u00e0 \u00e9couter le corps<\/strong>, \u00e0 faire \u00e9quipe avec lui, l\u2019assouplir en douceur, le conna\u00eetre, le pr\u00e9parer, lui permettre d\u2019\u00eatre en bonne sant\u00e9\u2026 La pratique des postures permet aussi de <strong>plonger \u00e0 l\u2019int\u00e9rieur de nous<\/strong>, \u00e0 l\u2019\u00e9coute du corps donc, mais aussi et surtout du mental pour observer ce dernier, et petit \u00e0 petit apprendre \u00e0 calmer le flot des pens\u00e9es pour vraiment <strong>\u00eatre dans l\u2019instant pr\u00e9sent<\/strong>. A la fin de la pratique, on doit pouvoir s\u2019asseoir dans une posture qui nous convient, le mental calm\u00e9, le dos bien droit et les yeux ferm\u00e9s, sans que la posture nous demande un effort ou soit source d\u2019inconfort\u2026 et simplement rester, rester et accueillir cet \u00e9tat de calme, de <strong>silence int\u00e9rieur<\/strong> et de <strong>profond l\u00e2cher prise<\/strong>. Cet \u00e9tat peut \u00eatre accueilli car avant cela on a pris le temps de s\u2019y pr\u00e9parer. Pour moi c\u2019est \u00e7a le Yoga. Trouver cet \u00e9tat de paix et de calme int\u00e9rieur.<br><strong>Comme je le r\u00e9p\u00e8te souvent en cours \u00ab&nbsp;on pourrait passer l\u2019ann\u00e9e \u00e0 ne faire que 4 postures diff\u00e9rentes et les r\u00e9p\u00e9ter et les pratiquer encore et encore et \u00e7a serait ok. Car ce qui est important ce n\u2019est pas la posture. Ce qui est important c&rsquo;est la pr\u00e9sence \u00e0 soi, en soi et dans l\u2019ici et maintenant&nbsp;\u00bb.<\/strong><\/p>\n\n\n\n<p class=\"has-text-color has-link-color has-small-font-size wp-elements-1802ddff3a6cdbbc260c69d68a5265d1\" style=\"color:#a16e66\">Lors de cours hebdomadaire l\u2019approche que je propose est principalement celle du Hatha Yoga. Et je propose aussi en parall\u00e8le des s\u00e9ances de Yin Yoga et Yoga Restauratif ainsi que des s\u00e9ances de m\u00e9ditation et relaxation guid\u00e9e ouverts \u00e0 tous. Je propose d\u2019accompagner les femmes dans leur \u00e9tape de vie qu\u2019est de donner la vie avec des s\u00e9ances de Yoga Pr\u00e9-Natal et Post-Natal \u00e0 la demande en individuel ou petit groupe (si nombre de participantes suffisant). <br><em>-&gt; Pour \u00eatre tenu(e) au courant de ces propositions ponctuelles, appelez-moi au 06 36 01 66 73 ou \u00e9crivez-moi un mail sophieduchamp.pro@gmail.com<\/em><\/p>\n\n\n\n<div style=\"height:57px\" aria-hidden=\"true\" class=\"wp-block-spacer\"><\/div>\n\n\n\n<p class=\"has-responsive-global-palette-4-color has-text-color has-background has-link-color has-small-font-size wp-elements-6d8e7719d00a49eba524a2404c4e0ef6\" style=\"background-color:#73504a\">Infos sur les&nbsp;<strong>COURS COLLECTIFS<\/strong>&nbsp;-&gt;&nbsp;<a href=\"https:\/\/sophieduchamp.fr\/index.php\/cours-collectifs-2\/\" target=\"_blank\" rel=\"noreferrer noopener\">Cliquez ici<\/a><\/p>\n\n\n\n<p class=\"has-responsive-global-palette-4-color has-text-color has-background has-link-color has-small-font-size wp-elements-148fe66ee29168be1aa50f0b4f5c26f3\" style=\"background-color:#73504a\">Infos sur les&nbsp;<strong>COURS PRIVATIFS &amp; YOGA A LA DEMANDE<\/strong>&nbsp;-&gt;&nbsp;<a href=\"https:\/\/sophieduchamp.fr\/index.php\/cours-privatifs-2\/\" target=\"_blank\" rel=\"noreferrer noopener\">Cliquez ici<\/a><\/p>\n\n\n\n<p class=\"has-responsive-global-palette-4-color has-text-color has-background has-link-color has-small-font-size wp-elements-c25c7b73003a1fc48c5272ba11dfd522\" style=\"background-color:#73504a\">Infos sur les&nbsp;<strong>RETRAITES DE YOGA<\/strong>&nbsp;-&gt;&nbsp;<a href=\"https:\/\/sophieduchamp.fr\/index.php\/retraites-2\/\" target=\"_blank\" rel=\"noreferrer noopener\">Cliquez ici<\/a><\/p>\n\n\n\n<p class=\"has-responsive-global-palette-4-color has-text-color has-background has-link-color has-small-font-size wp-elements-91f4db4d6d763a9b50d138993b52a22f\" style=\"background-color:#73504a\">Infos sur le<strong>&nbsp;YOGA PRENATAL &amp; POSTNATAL<\/strong>&nbsp;-&gt;&nbsp;<a href=\"https:\/\/sophieduchamp.fr\/index.php\/yoga-prenatal-postnatal-2\/\" target=\"_blank\" rel=\"noreferrer noopener\">Cliquez ici<\/a><\/p>\n\n\n\n<div style=\"height:21px\" aria-hidden=\"true\" class=\"wp-block-spacer\"><\/div>\n\n\n\n<div style=\"height:22px\" aria-hidden=\"true\" class=\"wp-block-spacer\"><\/div>\n<\/div>\n\n\n\n<div class=\"wp-block-column is-layout-flow wp-block-column-is-layout-flow\"><\/div>\n\n\n\n<div class=\"wp-block-column is-layout-flow wp-block-column-is-layout-flow\" style=\"flex-basis:10%\"><\/div>\n<\/div>\n\n\n\n<figure class=\"wp-block-image aligncenter size-full is-resized\"><img decoding=\"async\" width=\"186\" height=\"425\" src=\"https:\/\/sophieduchamp.fr\/wp-content\/uploads\/2026\/03\/dddd.jpg\" alt=\"\" class=\"wp-image-2454\" style=\"width:112px;height:auto\" srcset=\"https:\/\/sophieduchamp.fr\/wp-content\/uploads\/2026\/03\/dddd.jpg 186w, https:\/\/sophieduchamp.fr\/wp-content\/uploads\/2026\/03\/dddd-131x300.jpg 131w, https:\/\/sophieduchamp.fr\/wp-content\/uploads\/2026\/03\/dddd-100x228.jpg 100w, https:\/\/sophieduchamp.fr\/wp-content\/uploads\/2026\/03\/dddd-150x343.jpg 150w\" sizes=\"(max-width: 186px) 100vw, 186px\" \/><\/figure>\n","protected":false},"excerpt":{"rendered":"<p>le yoga, UNE PHILOSOPHIE DE VIE J\u2019ai d\u00e9couvert le yoga il y a une dizaine d\u2019ann\u00e9e lors d\u2019un voyage en Asie du Sud Est. Je me souviens encore de l\u2019\u00e9tat dans lequel j\u2019ai \u00e9t\u00e9 plong\u00e9e \u00e0 la suite de mon &hellip;<\/p>\n<p class=\"read-more\"> <a class=\"more-link\" href=\"https:\/\/sophieduchamp.fr\/index.php\/mon-approche\/\"> <span class=\"screen-reader-text\">MON APPROCHE<\/span> Read More &raquo;<\/a><\/p>\n","protected":false},"author":1,"featured_media":0,"parent":0,"menu_order":0,"comment_status":"closed","ping_status":"closed","template":"","meta":{"footnotes":""},"class_list":["post-2291","page","type-page","status-publish","hentry"],"featured_image_src":"","featured_image_src_square":false,"rbea_author_info":{"display_name":"admin5230","author_link":"https:\/\/sophieduchamp.fr\/index.php\/author\/admin5230\/"},"rbea_excerpt_info":"le yoga, UNE PHILOSOPHIE DE VIE J\u2019ai d\u00e9couvert le yoga il y a une dizaine d\u2019ann\u00e9e lors d\u2019un voyage en Asie du Sud Est. Je me souviens encore de l\u2019\u00e9tat dans lequel j\u2019ai \u00e9t\u00e9 plong\u00e9e \u00e0 la suite de mon &hellip;<p class=\"read-more\"> <a class=\"more-link\" href=\"https:\/\/sophieduchamp.fr\/index.php\/mon-approche\/\"> <span class=\"screen-reader-text\">MON APPROCHE<\/span> Read More &raquo;<\/a><\/p>","_links":{"self":[{"href":"https:\/\/sophieduchamp.fr\/index.php\/wp-json\/wp\/v2\/pages\/2291","targetHints":{"allow":["GET"]}}],"collection":[{"href":"https:\/\/sophieduchamp.fr\/index.php\/wp-json\/wp\/v2\/pages"}],"about":[{"href":"https:\/\/sophieduchamp.fr\/index.php\/wp-json\/wp\/v2\/types\/page"}],"author":[{"embeddable":true,"href":"https:\/\/sophieduchamp.fr\/index.php\/wp-json\/wp\/v2\/users\/1"}],"replies":[{"embeddable":true,"href":"https:\/\/sophieduchamp.fr\/index.php\/wp-json\/wp\/v2\/comments?post=2291"}],"version-history":[{"count":8,"href":"https:\/\/sophieduchamp.fr\/index.php\/wp-json\/wp\/v2\/pages\/2291\/revisions"}],"predecessor-version":[{"id":2601,"href":"https:\/\/sophieduchamp.fr\/index.php\/wp-json\/wp\/v2\/pages\/2291\/revisions\/2601"}],"wp:attachment":[{"href":"https:\/\/sophieduchamp.fr\/index.php\/wp-json\/wp\/v2\/media?parent=2291"}],"curies":[{"name":"wp","href":"https:\/\/api.w.org\/{rel}","templated":true}]}}

<div style="height:10px" aria-hidden="true" class="wp-block-spacer"></div>



<p class="has-text-color has-link-color has-large-font-size wp-elements-6725d1af8d818109ab15731de0af4332" style="color:#d9a299;text-transform:uppercase"><strong><strong>le yoga, UNE PHILOSOPHIE DE VIE</strong></strong></p>



<div class="wp-block-columns is-layout-flex wp-container-core-columns-is-layout-9d6595d7 wp-block-columns-is-layout-flex">
<div class="wp-block-column is-layout-flow wp-block-column-is-layout-flow" style="flex-basis:10%"></div>



<div class="wp-block-column is-layout-flow wp-block-column-is-layout-flow" style="flex-basis:70%">
<figure class="wp-block-image aligncenter size-full is-resized"><img fetchpriority="high" decoding="async" width="351" height="500" src="https://sophieduchamp.fr/wp-content/uploads/2026/03/Black-And-White-Minimalist-Typography-Personal-Logo-4.png" alt="" class="wp-image-2297" style="aspect-ratio:0.7020408163265306;width:233px;height:auto" srcset="https://sophieduchamp.fr/wp-content/uploads/2026/03/Black-And-White-Minimalist-Typography-Personal-Logo-4.png 351w, https://sophieduchamp.fr/wp-content/uploads/2026/03/Black-And-White-Minimalist-Typography-Personal-Logo-4-211x300.png 211w, https://sophieduchamp.fr/wp-content/uploads/2026/03/Black-And-White-Minimalist-Typography-Personal-Logo-4-100x142.png 100w, https://sophieduchamp.fr/wp-content/uploads/2026/03/Black-And-White-Minimalist-Typography-Personal-Logo-4-150x214.png 150w, https://sophieduchamp.fr/wp-content/uploads/2026/03/Black-And-White-Minimalist-Typography-Personal-Logo-4-200x285.png 200w, https://sophieduchamp.fr/wp-content/uploads/2026/03/Black-And-White-Minimalist-Typography-Personal-Logo-4-300x427.png 300w" sizes="(max-width: 351px) 100vw, 351px" /></figure>



<p class="has-text-color has-link-color has-small-font-size wp-elements-edaab5050e1c19744bf39edfada19f56" style="color:#a16e66">J’ai découvert le yoga il y a une dizaine d’année lors d’un voyage en Asie du Sud Est. Je me souviens encore de l’état dans lequel j’ai été plongée à la suite de mon premier cours de yoga&nbsp;: une <strong>béatitude</strong> inexplicable, j’ai juste accueilli ce sentiment puissant de <strong>plénitude</strong>, <strong>calme </strong>et bien-être. Un sourire immense sur le visage et un mental complètement calmé et <strong>apaisé</strong>. Par la suite j’ai continué à pratiquer, apprendre et découvrir. Jusqu’à ce premier voyage en <strong>Inde où j’ai reçu ma première formation</strong>, confirmant l’évidence de cette rencontre avec le Yoga qui me guide aujourd’hui au quotidien. Cette philosophie de vie, ces sagesses, grands principes et enseignements continuent à me nourrir au quotidien. <strong>Et je suis animée par cette envie de partager et transmettre tout cela pour accompagner ceux qui le souhaitent</strong>.<br><br>Le Yoga est un univers riche et vaste dont le sacré et les enseignements ont tendance malheureusement à être un peu délaissé et mis de côté au profit d’une simple pratique physique et posturale dans notre monde occidental. Il me tient vraiment à cœur, de partager dans mes cours, autre chose que cette simple approche physique à laquelle il est inconcevable pour de moi de réduire le yoga. J’aime partager <strong>les sagesses du Yoga</strong>, ses fondements et <strong>ses grands principes</strong> pour que le yoga ne se passe pas simplement sur le tapis une fois par semaine pendant le cours mais qu’il soit dans notre quotidien <strong>source d’inspiration</strong>, de développement, connaissance et amour de soi.<br><br>Pour moi le Yoga est bien plus qu’un «&nbsp;chien tête en bas&nbsp;» ou une «&nbsp;salutation au soleil&nbsp;». <strong>Le Yoga est une philosophie de vie qui nous guide au quotidien</strong>. Le Yoga ne peut être réduit à la simple notion de pratique physique et posturale. Les postures sont effectivement part intégrante de la pratique du Yoga mais elles sont «&nbsp;simplement&nbsp;» le moyen d’<strong>apprendre à écouter le corps</strong>, à faire équipe avec lui, l’assouplir en douceur, le connaître, le préparer, lui permettre d’être en bonne santé… La pratique des postures permet aussi de <strong>plonger à l’intérieur de nous</strong>, à l’écoute du corps donc, mais aussi et surtout du mental pour observer ce dernier, et petit à petit apprendre à calmer le flot des pensées pour vraiment <strong>être dans l’instant présent</strong>. A la fin de la pratique, on doit pouvoir s’asseoir dans une posture qui nous convient, le mental calmé, le dos bien droit et les yeux fermés, sans que la posture nous demande un effort ou soit source d’inconfort… et simplement rester, rester et accueillir cet état de calme, de <strong>silence intérieur</strong> et de <strong>profond lâcher prise</strong>. Cet état peut être accueilli car avant cela on a pris le temps de s’y préparer. Pour moi c’est ça le Yoga. Trouver cet état de paix et de calme intérieur.<br><strong>Comme je le répète souvent en cours «&nbsp;on pourrait passer l’année à ne faire que 4 postures différentes et les répéter et les pratiquer encore et encore et ça serait ok. Car ce qui est important ce n’est pas la posture. Ce qui est important c&rsquo;est la présence à soi, en soi et dans l’ici et maintenant&nbsp;».</strong></p>



<p class="has-text-color has-link-color has-small-font-size wp-elements-1802ddff3a6cdbbc260c69d68a5265d1" style="color:#a16e66">Lors de cours hebdomadaire l’approche que je propose est principalement celle du Hatha Yoga. Et je propose aussi en parallèle des séances de Yin Yoga et Yoga Restauratif ainsi que des séances de méditation et relaxation guidée ouverts à tous. Je propose d’accompagner les femmes dans leur étape de vie qu’est de donner la vie avec des séances de Yoga Pré-Natal et Post-Natal à la demande en individuel ou petit groupe (si nombre de participantes suffisant). <br><em>-&gt; Pour être tenu(e) au courant de ces propositions ponctuelles, appelez-moi au 06 36 01 66 73 ou écrivez-moi un mail sophieduchamp.pro@gmail.com</em></p>



<div style="height:57px" aria-hidden="true" class="wp-block-spacer"></div>



<p class="has-responsive-global-palette-4-color has-text-color has-background has-link-color has-small-font-size wp-elements-6d8e7719d00a49eba524a2404c4e0ef6" style="background-color:#73504a">Infos sur les&nbsp;<strong>COURS COLLECTIFS</strong>&nbsp;-&gt;&nbsp;<a href="https://sophieduchamp.fr/index.php/cours-collectifs-2/" target="_blank" rel="noreferrer noopener">Cliquez ici</a></p>



<p class="has-responsive-global-palette-4-color has-text-color has-background has-link-color has-small-font-size wp-elements-148fe66ee29168be1aa50f0b4f5c26f3" style="background-color:#73504a">Infos sur les&nbsp;<strong>COURS PRIVATIFS &amp; YOGA A LA DEMANDE</strong>&nbsp;-&gt;&nbsp;<a href="https://sophieduchamp.fr/index.php/cours-privatifs-2/" target="_blank" rel="noreferrer noopener">Cliquez ici</a></p>



<p class="has-responsive-global-palette-4-color has-text-color has-background has-link-color has-small-font-size wp-elements-c25c7b73003a1fc48c5272ba11dfd522" style="background-color:#73504a">Infos sur les&nbsp;<strong>RETRAITES DE YOGA</strong>&nbsp;-&gt;&nbsp;<a href="https://sophieduchamp.fr/index.php/retraites-2/" target="_blank" rel="noreferrer noopener">Cliquez ici</a></p>



<p class="has-responsive-global-palette-4-color has-text-color has-background has-link-color has-small-font-size wp-elements-91f4db4d6d763a9b50d138993b52a22f" style="background-color:#73504a">Infos sur le<strong>&nbsp;YOGA PRENATAL &amp; POSTNATAL</strong>&nbsp;-&gt;&nbsp;<a href="https://sophieduchamp.fr/index.php/yoga-prenatal-postnatal-2/" target="_blank" rel="noreferrer noopener">Cliquez ici</a></p>



<div style="height:21px" aria-hidden="true" class="wp-block-spacer"></div>



<div style="height:22px" aria-hidden="true" class="wp-block-spacer"></div>
</div>



<div class="wp-block-column is-layout-flow wp-block-column-is-layout-flow"></div>



<div class="wp-block-column is-layout-flow wp-block-column-is-layout-flow" style="flex-basis:10%"></div>
</div>



<figure class="wp-block-image aligncenter size-full is-resized"><img decoding="async" width="186" height="425" src="https://sophieduchamp.fr/wp-content/uploads/2026/03/dddd.jpg" alt="" class="wp-image-2454" style="width:112px;height:auto" srcset="https://sophieduchamp.fr/wp-content/uploads/2026/03/dddd.jpg 186w, https://sophieduchamp.fr/wp-content/uploads/2026/03/dddd-131x300.jpg 131w, https://sophieduchamp.fr/wp-content/uploads/2026/03/dddd-100x228.jpg 100w, https://sophieduchamp.fr/wp-content/uploads/2026/03/dddd-150x343.jpg 150w" sizes="(max-width: 186px) 100vw, 186px" /></figure>

<p>le yoga, UNE PHILOSOPHIE DE VIE J’ai découvert le yoga il y a une dizaine d’année lors d’un voyage en Asie du Sud Est. Je me souviens encore de l’état dans lequel j’ai été plongée à la suite de mon &hellip;</p>
<p class="read-more"> <a class="more-link" href="https://sophieduchamp.fr/index.php/mon-approche/"> <span class="screen-reader-text">MON APPROCHE</span> Read More &raquo;</a></p>

le yoga, UNE PHILOSOPHIE DE VIE J’ai découvert le yoga il y a une dizaine d’année lors d’un voyage en Asie du Sud Est. Je me souviens encore de l’état dans lequel j’ai été plongée à la suite de mon &hellip;<p class="read-more"> <a class="more-link" href="https://sophieduchamp.fr/index.php/mon-approche/"> <span class="screen-reader-text">MON APPROCHE</span> Read More &raquo;</a></p>
