{"id":2139,"date":"2026-03-03T13:12:52","date_gmt":"2026-03-03T12:12:52","guid":{"rendered":"https:\/\/sophieduchamp.fr\/?page_id=2139"},"modified":"2026-03-06T16:48:50","modified_gmt":"2026-03-06T15:48:50","slug":"yoga-prenatal-postnatal-2","status":"publish","type":"page","link":"https:\/\/sophieduchamp.fr\/index.php\/yoga-prenatal-postnatal-2\/","title":{"rendered":"YOGA PRENATAL POSTNATAL"},"content":{"rendered":"\n<div style=\"height:10px\" aria-hidden=\"true\" class=\"wp-block-spacer\"><\/div>\n\n\n\n<p class=\"has-text-color has-link-color has-large-font-size wp-elements-fafba7d60c89c9cd296127174a4de93d\" style=\"color:#d9a299;text-transform:uppercase\"><strong><strong>Yoga &amp; GROSSESSE<\/strong><\/strong><\/p>\n\n\n\n<figure class=\"wp-block-image aligncenter size-full is-resized\"><img fetchpriority=\"high\" decoding=\"async\" width=\"1608\" height=\"781\" src=\"https:\/\/sophieduchamp.fr\/wp-content\/uploads\/2026\/03\/Lessence-de-cet-espace.jpg\" alt=\"\" class=\"wp-image-2257\" style=\"width:531px;height:auto\" srcset=\"https:\/\/sophieduchamp.fr\/wp-content\/uploads\/2026\/03\/Lessence-de-cet-espace.jpg 1608w, https:\/\/sophieduchamp.fr\/wp-content\/uploads\/2026\/03\/Lessence-de-cet-espace-300x146.jpg 300w, https:\/\/sophieduchamp.fr\/wp-content\/uploads\/2026\/03\/Lessence-de-cet-espace-1024x497.jpg 1024w, https:\/\/sophieduchamp.fr\/wp-content\/uploads\/2026\/03\/Lessence-de-cet-espace-768x373.jpg 768w, https:\/\/sophieduchamp.fr\/wp-content\/uploads\/2026\/03\/Lessence-de-cet-espace-1536x746.jpg 1536w, https:\/\/sophieduchamp.fr\/wp-content\/uploads\/2026\/03\/Lessence-de-cet-espace-100x49.jpg 100w, https:\/\/sophieduchamp.fr\/wp-content\/uploads\/2026\/03\/Lessence-de-cet-espace-150x73.jpg 150w, https:\/\/sophieduchamp.fr\/wp-content\/uploads\/2026\/03\/Lessence-de-cet-espace-200x97.jpg 200w, https:\/\/sophieduchamp.fr\/wp-content\/uploads\/2026\/03\/Lessence-de-cet-espace-450x219.jpg 450w, https:\/\/sophieduchamp.fr\/wp-content\/uploads\/2026\/03\/Lessence-de-cet-espace-600x291.jpg 600w, https:\/\/sophieduchamp.fr\/wp-content\/uploads\/2026\/03\/Lessence-de-cet-espace-900x437.jpg 900w\" sizes=\"(max-width: 1608px) 100vw, 1608px\" \/><\/figure>\n\n\n\n<div style=\"height:7px\" aria-hidden=\"true\" class=\"wp-block-spacer\"><\/div>\n\n\n\n<div class=\"wp-block-columns is-layout-flex wp-container-core-columns-is-layout-9d6595d7 wp-block-columns-is-layout-flex\">\n<div class=\"wp-block-column is-layout-flow wp-block-column-is-layout-flow\" style=\"flex-basis:10%\"><\/div>\n\n\n\n<div class=\"wp-block-column is-layout-flow wp-block-column-is-layout-flow\" style=\"flex-basis:70%\">\n<p class=\"has-text-color has-link-color has-small-font-size wp-elements-4aebdbd54e7be12d1a132f0727873a6a\" style=\"color:#a16e66\">Le yoga pr\u00e9natal permet tout au long de la grossesse de continuer \u00e0 avoir une pratique physique mais douce et adapt\u00e9e \u00e0 tous ces changements que vit chaque femme tant sur le plan physique, qu&rsquo;\u00e9motionnel. Et en yoga postnatal l&rsquo;approche est de chercher tout en douceur \u00e0 remuscler et tonifier le p\u00e9rin\u00e9e, les abdos et le corps.<br><br>Les outils sont nombreux pour permettre \u00e0 chacune de trouver ce dont elle a besoin : \u00e9tirement, soulagement du dos, accompagnement si perturbations digestives, relaxation, d\u00e9tente.. Les postures permettent aussi petit \u00e0 petit de pr\u00e9parer le corps au grand voyage qu&rsquo;est l&rsquo;accouchement.<br>La respiration aussi est essentielle dans cette pratique. Plusieurs approches et exercices de respiration sont importants pour accompagner au mieux la grossesse.<br><br>Je suis heureuse de proposer ces s\u00e9ances en tout petit groupe (6 personnes max), dans mon espace \u00e0 Pontch\u00e2teau. A travers ces s\u00e9ances, je partage \u00e0 la fois des outils de la m\u00e9thode du Dr Bernadette De Gasquet et j&rsquo;am\u00e8ne aussi mes connaissances et outils tir\u00e9s du Hatha Yoga, du Yin Yoga et du Yoga Restauratif pour proposer diff\u00e9rentes approches afin que chacune puisse trouver ce qui lui fait du bien.<br><br>Le format des s\u00e9ances de yoga pr\u00e9-natal et post-natal est de 1h15 et le tarif est de 20\u20ac par personne. Les dates et cr\u00e9neaux horaires sont pos\u00e9s \u00e0 la demande en fonction des disponibilit\u00e9s de chacune. Pour plus d&rsquo;infos, appelez-moi au 06 36 01 66 73 ou \u00e9crivez-moi un mail sophieduchamp.pro@gmail.com<\/p>\n\n\n\n<p><\/p>\n\n\n\n<p class=\"has-text-color has-link-color has-small-font-size wp-elements-d117e0924937294b9796c6600456c67e\" style=\"color:#a16e66\"><\/p>\n<\/div>\n\n\n\n<div class=\"wp-block-column is-layout-flow wp-block-column-is-layout-flow\"><\/div>\n\n\n\n<div class=\"wp-block-column is-layout-flow wp-block-column-is-layout-flow\" style=\"flex-basis:10%\"><\/div>\n<\/div>\n\n\n\n<div style=\"height:12px\" aria-hidden=\"true\" class=\"wp-block-spacer\"><\/div>\n\n\n\n<figure class=\"wp-block-image aligncenter size-full is-resized\"><img decoding=\"async\" width=\"500\" height=\"78\" src=\"https:\/\/sophieduchamp.fr\/wp-content\/uploads\/2026\/03\/LUNES-marron-fonce.jpg\" alt=\"\" class=\"wp-image-2433\" style=\"width:391px;height:auto\" srcset=\"https:\/\/sophieduchamp.fr\/wp-content\/uploads\/2026\/03\/LUNES-marron-fonce.jpg 500w, https:\/\/sophieduchamp.fr\/wp-content\/uploads\/2026\/03\/LUNES-marron-fonce-300x47.jpg 300w, https:\/\/sophieduchamp.fr\/wp-content\/uploads\/2026\/03\/LUNES-marron-fonce-100x16.jpg 100w, https:\/\/sophieduchamp.fr\/wp-content\/uploads\/2026\/03\/LUNES-marron-fonce-150x23.jpg 150w, https:\/\/sophieduchamp.fr\/wp-content\/uploads\/2026\/03\/LUNES-marron-fonce-200x31.jpg 200w, https:\/\/sophieduchamp.fr\/wp-content\/uploads\/2026\/03\/LUNES-marron-fonce-450x70.jpg 450w\" sizes=\"(max-width: 500px) 100vw, 500px\" \/><\/figure>\n","protected":false},"excerpt":{"rendered":"<p>Yoga &amp; GROSSESSE Le yoga pr\u00e9natal permet tout au long de la grossesse de continuer \u00e0 avoir une pratique physique mais douce et adapt\u00e9e \u00e0 tous ces changements que vit chaque femme tant sur le plan physique, qu&rsquo;\u00e9motionnel. Et en &hellip;<\/p>\n<p class=\"read-more\"> <a class=\"more-link\" href=\"https:\/\/sophieduchamp.fr\/index.php\/yoga-prenatal-postnatal-2\/\"> <span class=\"screen-reader-text\">YOGA PRENATAL POSTNATAL<\/span> Read More &raquo;<\/a><\/p>\n","protected":false},"author":1,"featured_media":0,"parent":0,"menu_order":0,"comment_status":"closed","ping_status":"closed","template":"","meta":{"footnotes":""},"class_list":["post-2139","page","type-page","status-publish","hentry"],"featured_image_src":"","featured_image_src_square":false,"rbea_author_info":{"display_name":"admin5230","author_link":"https:\/\/sophieduchamp.fr\/index.php\/author\/admin5230\/"},"rbea_excerpt_info":"Yoga &amp; GROSSESSE Le yoga pr\u00e9natal permet tout au long de la grossesse de continuer \u00e0 avoir une pratique physique mais douce et adapt\u00e9e \u00e0 tous ces changements que vit chaque femme tant sur le plan physique, qu&rsquo;\u00e9motionnel. Et en &hellip;<p class=\"read-more\"> <a class=\"more-link\" href=\"https:\/\/sophieduchamp.fr\/index.php\/yoga-prenatal-postnatal-2\/\"> <span class=\"screen-reader-text\">YOGA PRENATAL POSTNATAL<\/span> Read More &raquo;<\/a><\/p>","_links":{"self":[{"href":"https:\/\/sophieduchamp.fr\/index.php\/wp-json\/wp\/v2\/pages\/2139","targetHints":{"allow":["GET"]}}],"collection":[{"href":"https:\/\/sophieduchamp.fr\/index.php\/wp-json\/wp\/v2\/pages"}],"about":[{"href":"https:\/\/sophieduchamp.fr\/index.php\/wp-json\/wp\/v2\/types\/page"}],"author":[{"embeddable":true,"href":"https:\/\/sophieduchamp.fr\/index.php\/wp-json\/wp\/v2\/users\/1"}],"replies":[{"embeddable":true,"href":"https:\/\/sophieduchamp.fr\/index.php\/wp-json\/wp\/v2\/comments?post=2139"}],"version-history":[{"count":10,"href":"https:\/\/sophieduchamp.fr\/index.php\/wp-json\/wp\/v2\/pages\/2139\/revisions"}],"predecessor-version":[{"id":2652,"href":"https:\/\/sophieduchamp.fr\/index.php\/wp-json\/wp\/v2\/pages\/2139\/revisions\/2652"}],"wp:attachment":[{"href":"https:\/\/sophieduchamp.fr\/index.php\/wp-json\/wp\/v2\/media?parent=2139"}],"curies":[{"name":"wp","href":"https:\/\/api.w.org\/{rel}","templated":true}]}}

<div style="height:10px" aria-hidden="true" class="wp-block-spacer"></div>



<p class="has-text-color has-link-color has-large-font-size wp-elements-fafba7d60c89c9cd296127174a4de93d" style="color:#d9a299;text-transform:uppercase"><strong><strong>Yoga &amp; GROSSESSE</strong></strong></p>



<figure class="wp-block-image aligncenter size-full is-resized"><img fetchpriority="high" decoding="async" width="1608" height="781" src="https://sophieduchamp.fr/wp-content/uploads/2026/03/Lessence-de-cet-espace.jpg" alt="" class="wp-image-2257" style="width:531px;height:auto" srcset="https://sophieduchamp.fr/wp-content/uploads/2026/03/Lessence-de-cet-espace.jpg 1608w, https://sophieduchamp.fr/wp-content/uploads/2026/03/Lessence-de-cet-espace-300x146.jpg 300w, https://sophieduchamp.fr/wp-content/uploads/2026/03/Lessence-de-cet-espace-1024x497.jpg 1024w, https://sophieduchamp.fr/wp-content/uploads/2026/03/Lessence-de-cet-espace-768x373.jpg 768w, https://sophieduchamp.fr/wp-content/uploads/2026/03/Lessence-de-cet-espace-1536x746.jpg 1536w, https://sophieduchamp.fr/wp-content/uploads/2026/03/Lessence-de-cet-espace-100x49.jpg 100w, https://sophieduchamp.fr/wp-content/uploads/2026/03/Lessence-de-cet-espace-150x73.jpg 150w, https://sophieduchamp.fr/wp-content/uploads/2026/03/Lessence-de-cet-espace-200x97.jpg 200w, https://sophieduchamp.fr/wp-content/uploads/2026/03/Lessence-de-cet-espace-450x219.jpg 450w, https://sophieduchamp.fr/wp-content/uploads/2026/03/Lessence-de-cet-espace-600x291.jpg 600w, https://sophieduchamp.fr/wp-content/uploads/2026/03/Lessence-de-cet-espace-900x437.jpg 900w" sizes="(max-width: 1608px) 100vw, 1608px" /></figure>



<div style="height:7px" aria-hidden="true" class="wp-block-spacer"></div>



<div class="wp-block-columns is-layout-flex wp-container-core-columns-is-layout-9d6595d7 wp-block-columns-is-layout-flex">
<div class="wp-block-column is-layout-flow wp-block-column-is-layout-flow" style="flex-basis:10%"></div>



<div class="wp-block-column is-layout-flow wp-block-column-is-layout-flow" style="flex-basis:70%">
<p class="has-text-color has-link-color has-small-font-size wp-elements-4aebdbd54e7be12d1a132f0727873a6a" style="color:#a16e66">Le yoga prénatal permet tout au long de la grossesse de continuer à avoir une pratique physique mais douce et adaptée à tous ces changements que vit chaque femme tant sur le plan physique, qu&rsquo;émotionnel. Et en yoga postnatal l&rsquo;approche est de chercher tout en douceur à remuscler et tonifier le périnée, les abdos et le corps.<br><br>Les outils sont nombreux pour permettre à chacune de trouver ce dont elle a besoin : étirement, soulagement du dos, accompagnement si perturbations digestives, relaxation, détente.. Les postures permettent aussi petit à petit de préparer le corps au grand voyage qu&rsquo;est l&rsquo;accouchement.<br>La respiration aussi est essentielle dans cette pratique. Plusieurs approches et exercices de respiration sont importants pour accompagner au mieux la grossesse.<br><br>Je suis heureuse de proposer ces séances en tout petit groupe (6 personnes max), dans mon espace à Pontchâteau. A travers ces séances, je partage à la fois des outils de la méthode du Dr Bernadette De Gasquet et j&rsquo;amène aussi mes connaissances et outils tirés du Hatha Yoga, du Yin Yoga et du Yoga Restauratif pour proposer différentes approches afin que chacune puisse trouver ce qui lui fait du bien.<br><br>Le format des séances de yoga pré-natal et post-natal est de 1h15 et le tarif est de 20€ par personne. Les dates et créneaux horaires sont posés à la demande en fonction des disponibilités de chacune. Pour plus d&rsquo;infos, appelez-moi au 06 36 01 66 73 ou écrivez-moi un mail sophieduchamp.pro@gmail.com</p>



<p></p>



<p class="has-text-color has-link-color has-small-font-size wp-elements-d117e0924937294b9796c6600456c67e" style="color:#a16e66"></p>
</div>



<div class="wp-block-column is-layout-flow wp-block-column-is-layout-flow"></div>



<div class="wp-block-column is-layout-flow wp-block-column-is-layout-flow" style="flex-basis:10%"></div>
</div>



<div style="height:12px" aria-hidden="true" class="wp-block-spacer"></div>



<figure class="wp-block-image aligncenter size-full is-resized"><img decoding="async" width="500" height="78" src="https://sophieduchamp.fr/wp-content/uploads/2026/03/LUNES-marron-fonce.jpg" alt="" class="wp-image-2433" style="width:391px;height:auto" srcset="https://sophieduchamp.fr/wp-content/uploads/2026/03/LUNES-marron-fonce.jpg 500w, https://sophieduchamp.fr/wp-content/uploads/2026/03/LUNES-marron-fonce-300x47.jpg 300w, https://sophieduchamp.fr/wp-content/uploads/2026/03/LUNES-marron-fonce-100x16.jpg 100w, https://sophieduchamp.fr/wp-content/uploads/2026/03/LUNES-marron-fonce-150x23.jpg 150w, https://sophieduchamp.fr/wp-content/uploads/2026/03/LUNES-marron-fonce-200x31.jpg 200w, https://sophieduchamp.fr/wp-content/uploads/2026/03/LUNES-marron-fonce-450x70.jpg 450w" sizes="(max-width: 500px) 100vw, 500px" /></figure>

<p>Yoga &amp; GROSSESSE Le yoga prénatal permet tout au long de la grossesse de continuer à avoir une pratique physique mais douce et adaptée à tous ces changements que vit chaque femme tant sur le plan physique, qu&rsquo;émotionnel. Et en &hellip;</p>
<p class="read-more"> <a class="more-link" href="https://sophieduchamp.fr/index.php/yoga-prenatal-postnatal-2/"> <span class="screen-reader-text">YOGA PRENATAL POSTNATAL</span> Read More &raquo;</a></p>

Yoga &amp; GROSSESSE Le yoga prénatal permet tout au long de la grossesse de continuer à avoir une pratique physique mais douce et adaptée à tous ces changements que vit chaque femme tant sur le plan physique, qu&rsquo;émotionnel. Et en &hellip;<p class="read-more"> <a class="more-link" href="https://sophieduchamp.fr/index.php/yoga-prenatal-postnatal-2/"> <span class="screen-reader-text">YOGA PRENATAL POSTNATAL</span> Read More &raquo;</a></p>
