{"id":2128,"date":"2026-03-03T13:11:50","date_gmt":"2026-03-03T12:11:50","guid":{"rendered":"https:\/\/sophieduchamp.fr\/?page_id=2128"},"modified":"2026-03-06T15:33:21","modified_gmt":"2026-03-06T14:33:21","slug":"cours-privatifs-2","status":"publish","type":"page","link":"https:\/\/sophieduchamp.fr\/index.php\/cours-privatifs-2\/","title":{"rendered":"COURS PRIVATIFS"},"content":{"rendered":"\n<div style=\"height:10px\" aria-hidden=\"true\" class=\"wp-block-spacer\"><\/div>\n\n\n\n<p class=\"has-text-color has-link-color has-large-font-size wp-elements-581313d6197fadb368d933f2bbaebc30\" style=\"color:#d9a299;text-transform:uppercase\"><strong><strong>Yoga privatif et \u00e0 la demande<\/strong><\/strong><\/p>\n\n\n\n<figure class=\"wp-block-image aligncenter size-full is-resized\"><img fetchpriority=\"high\" decoding=\"async\" width=\"267\" height=\"377\" src=\"https:\/\/sophieduchamp.fr\/wp-content\/uploads\/2026\/03\/11-4-2.png\" alt=\"\" class=\"wp-image-2243\" style=\"width:261px;height:auto\" srcset=\"https:\/\/sophieduchamp.fr\/wp-content\/uploads\/2026\/03\/11-4-2.png 267w, https:\/\/sophieduchamp.fr\/wp-content\/uploads\/2026\/03\/11-4-2-212x300.png 212w, https:\/\/sophieduchamp.fr\/wp-content\/uploads\/2026\/03\/11-4-2-100x141.png 100w, https:\/\/sophieduchamp.fr\/wp-content\/uploads\/2026\/03\/11-4-2-150x212.png 150w, https:\/\/sophieduchamp.fr\/wp-content\/uploads\/2026\/03\/11-4-2-200x282.png 200w\" sizes=\"(max-width: 267px) 100vw, 267px\" \/><\/figure>\n\n\n\n<div style=\"height:30px\" aria-hidden=\"true\" class=\"wp-block-spacer\"><\/div>\n\n\n\n<div class=\"wp-block-columns is-layout-flex wp-container-core-columns-is-layout-9d6595d7 wp-block-columns-is-layout-flex\">\n<div class=\"wp-block-column is-layout-flow wp-block-column-is-layout-flow\" style=\"flex-basis:10%\"><\/div>\n\n\n\n<div class=\"wp-block-column is-layout-flow wp-block-column-is-layout-flow\" style=\"flex-basis:70%\">\n<p class=\"has-text-color has-link-color has-small-font-size wp-elements-b678bacfdd1b98af4e0d9b3c06b5c277\" style=\"color:#a16e66\">Je vous propose des cours privatifs en individuel ou en petit groupe. Je m\u2019adapte \u00e0 vos demandes et besoins pour vous accompagner sur des <strong>th\u00e9matiques sp\u00e9cifiques <\/strong>(douleurs chroniques, fatigue, stress&#8230;). <br><br>Si vous souhaitez un <strong>accompagnement individuel personnalis\u00e9 le temps de votre grossesse<\/strong> pour allier yoga pr\u00e9-natal, post-natal et massage adapt\u00e9, contactez-moi, nous verrons tout cela ensemble.<\/p>\n\n\n\n<p class=\"has-text-align-left has-text-color has-link-color has-small-font-size wp-elements-354aa20343faff7bc200a744200f7191\" style=\"color:#a16e66\">Envie simplement d\u2019aller plus loin dans votre pratique ou de d\u00e9couvrir ou re-d\u00e9couvrir le yoga? Offrez vous un&nbsp;<strong>cours particulier<\/strong>&nbsp;pour une approche personnalis\u00e9e. J\u2019adapterai le contenu \u00e0 vos besoins et votre pratique.<\/p>\n\n\n\n<p class=\"has-text-color has-link-color has-small-font-size wp-elements-aef3c78b3fd12a27672547d47b0db5ba\" style=\"color:#a16e66\">Je peux aussi vous accompagner srr des \u00e9v\u00e8nements comme un <strong>enterrement de vie de jeune fille<\/strong>, un&nbsp;<strong>anniversaire<\/strong>, une&nbsp;<strong>Baby Shower<\/strong>&nbsp;ou juste l\u2019envie de partager un moment de bien-\u00eatre en famille ou entre ami(e)s.<br><br>N\u2019h\u00e9sitez pas \u00e0 me contacter pour plus d\u2019infos :&nbsp;<a href=\"https:\/\/sophieduchamp.fr\/index.php\/contact\/\" target=\"_blank\" rel=\"noreferrer noopener\">Contact<\/a><\/p>\n<\/div>\n\n\n\n<div class=\"wp-block-column is-layout-flow wp-block-column-is-layout-flow\"><\/div>\n\n\n\n<div class=\"wp-block-column is-layout-flow wp-block-column-is-layout-flow\" style=\"flex-basis:10%\"><\/div>\n<\/div>\n\n\n\n<div style=\"height:56px\" aria-hidden=\"true\" class=\"wp-block-spacer\"><\/div>\n\n\n\n<div class=\"wp-block-columns is-layout-flex wp-container-core-columns-is-layout-9d6595d7 wp-block-columns-is-layout-flex\">\n<div class=\"wp-block-column is-layout-flow wp-block-column-is-layout-flow\" style=\"flex-basis:150px\"><\/div>\n\n\n\n<div class=\"wp-block-column is-layout-flow wp-block-column-is-layout-flow\" style=\"flex-basis:50px\"><\/div>\n\n\n\n<div class=\"wp-block-column is-layout-flow wp-block-column-is-layout-flow\" style=\"flex-basis:300px\">\n<p class=\"has-text-align-left has-text-color has-link-color has-normal-font-size wp-elements-76f545a8f19eb740f6209db88d2693fa\" style=\"color:#d9a299\"><strong>COURS PARTICULIERS<\/strong><\/p>\n\n\n\n<div class=\"wp-block-group is-nowrap is-layout-flex wp-container-core-group-is-layout-ad2f72ca wp-block-group-is-layout-flex\">\n<p class=\"has-text-align-left has-text-color has-link-color has-small-font-size wp-elements-ca49a38cdc2683b048e22a48d489f219\" style=\"color:#a16e66\"><strong>1h pour 1 personne : 60\u20ac<br>1h15 pour 1 personne: 70\u20ac<\/strong><\/p>\n\n\n\n<div class=\"wp-block-columns is-layout-flex wp-container-core-columns-is-layout-9d6595d7 wp-block-columns-is-layout-flex\">\n<div class=\"wp-block-column is-layout-flow wp-block-column-is-layout-flow\"><\/div>\n<\/div>\n<\/div>\n<\/div>\n\n\n\n<div class=\"wp-block-column is-layout-flow wp-block-column-is-layout-flow\" style=\"flex-basis:390px\">\n<p class=\"has-text-align-left has-text-color has-link-color has-normal-font-size wp-elements-65ebd6138680f62002dc0afeeaca6079\" style=\"color:#d9a299\"><strong>COURS EN PETIT GROUPE<\/strong><\/p>\n\n\n\n<p class=\"has-text-align-left has-text-color has-link-color has-small-font-size wp-elements-a084b953ed37ee21c9a16b233c96ff4b\" style=\"color:#a16e66\"><strong>1h pour 2 \u00e0 6 personnes : 60\u20ac<br>1h15 pour 2 \u00e0 6 personnes : 70\u20ac<br><br>1h pour 7 personnes ou plus : 10\u20ac par personne<br>1h15 pour 7 personnes ou plus : 12\u20ac par personne<\/strong><\/p>\n<\/div>\n<\/div>\n\n\n\n<div style=\"height:27px\" aria-hidden=\"true\" class=\"wp-block-spacer\"><\/div>\n\n\n\n<figure class=\"wp-block-image aligncenter size-full is-resized\"><img decoding=\"async\" width=\"186\" height=\"425\" src=\"https:\/\/sophieduchamp.fr\/wp-content\/uploads\/2026\/03\/dddd.jpg\" alt=\"\" class=\"wp-image-2454\" style=\"width:158px;height:auto\" srcset=\"https:\/\/sophieduchamp.fr\/wp-content\/uploads\/2026\/03\/dddd.jpg 186w, https:\/\/sophieduchamp.fr\/wp-content\/uploads\/2026\/03\/dddd-131x300.jpg 131w, https:\/\/sophieduchamp.fr\/wp-content\/uploads\/2026\/03\/dddd-100x228.jpg 100w, https:\/\/sophieduchamp.fr\/wp-content\/uploads\/2026\/03\/dddd-150x343.jpg 150w\" sizes=\"(max-width: 186px) 100vw, 186px\" \/><\/figure>\n","protected":false},"excerpt":{"rendered":"<p>Yoga privatif et \u00e0 la demande Je vous propose des cours privatifs en individuel ou en petit groupe. Je m\u2019adapte \u00e0 vos demandes et besoins pour vous accompagner sur des th\u00e9matiques sp\u00e9cifiques (douleurs chroniques, fatigue, stress&#8230;). Si vous souhaitez un &hellip;<\/p>\n<p class=\"read-more\"> <a class=\"more-link\" href=\"https:\/\/sophieduchamp.fr\/index.php\/cours-privatifs-2\/\"> <span class=\"screen-reader-text\">COURS PRIVATIFS<\/span> Read More &raquo;<\/a><\/p>\n","protected":false},"author":1,"featured_media":0,"parent":0,"menu_order":0,"comment_status":"closed","ping_status":"closed","template":"","meta":{"footnotes":""},"class_list":["post-2128","page","type-page","status-publish","hentry"],"featured_image_src":"","featured_image_src_square":false,"rbea_author_info":{"display_name":"admin5230","author_link":"https:\/\/sophieduchamp.fr\/index.php\/author\/admin5230\/"},"rbea_excerpt_info":"Yoga privatif et \u00e0 la demande Je vous propose des cours privatifs en individuel ou en petit groupe. Je m\u2019adapte \u00e0 vos demandes et besoins pour vous accompagner sur des th\u00e9matiques sp\u00e9cifiques (douleurs chroniques, fatigue, stress&#8230;). Si vous souhaitez un &hellip;<p class=\"read-more\"> <a class=\"more-link\" href=\"https:\/\/sophieduchamp.fr\/index.php\/cours-privatifs-2\/\"> <span class=\"screen-reader-text\">COURS PRIVATIFS<\/span> Read More &raquo;<\/a><\/p>","_links":{"self":[{"href":"https:\/\/sophieduchamp.fr\/index.php\/wp-json\/wp\/v2\/pages\/2128","targetHints":{"allow":["GET"]}}],"collection":[{"href":"https:\/\/sophieduchamp.fr\/index.php\/wp-json\/wp\/v2\/pages"}],"about":[{"href":"https:\/\/sophieduchamp.fr\/index.php\/wp-json\/wp\/v2\/types\/page"}],"author":[{"embeddable":true,"href":"https:\/\/sophieduchamp.fr\/index.php\/wp-json\/wp\/v2\/users\/1"}],"replies":[{"embeddable":true,"href":"https:\/\/sophieduchamp.fr\/index.php\/wp-json\/wp\/v2\/comments?post=2128"}],"version-history":[{"count":8,"href":"https:\/\/sophieduchamp.fr\/index.php\/wp-json\/wp\/v2\/pages\/2128\/revisions"}],"predecessor-version":[{"id":2597,"href":"https:\/\/sophieduchamp.fr\/index.php\/wp-json\/wp\/v2\/pages\/2128\/revisions\/2597"}],"wp:attachment":[{"href":"https:\/\/sophieduchamp.fr\/index.php\/wp-json\/wp\/v2\/media?parent=2128"}],"curies":[{"name":"wp","href":"https:\/\/api.w.org\/{rel}","templated":true}]}}

<div style="height:10px" aria-hidden="true" class="wp-block-spacer"></div>



<p class="has-text-color has-link-color has-large-font-size wp-elements-581313d6197fadb368d933f2bbaebc30" style="color:#d9a299;text-transform:uppercase"><strong><strong>Yoga privatif et à la demande</strong></strong></p>



<figure class="wp-block-image aligncenter size-full is-resized"><img fetchpriority="high" decoding="async" width="267" height="377" src="https://sophieduchamp.fr/wp-content/uploads/2026/03/11-4-2.png" alt="" class="wp-image-2243" style="width:261px;height:auto" srcset="https://sophieduchamp.fr/wp-content/uploads/2026/03/11-4-2.png 267w, https://sophieduchamp.fr/wp-content/uploads/2026/03/11-4-2-212x300.png 212w, https://sophieduchamp.fr/wp-content/uploads/2026/03/11-4-2-100x141.png 100w, https://sophieduchamp.fr/wp-content/uploads/2026/03/11-4-2-150x212.png 150w, https://sophieduchamp.fr/wp-content/uploads/2026/03/11-4-2-200x282.png 200w" sizes="(max-width: 267px) 100vw, 267px" /></figure>



<div style="height:30px" aria-hidden="true" class="wp-block-spacer"></div>



<div class="wp-block-columns is-layout-flex wp-container-core-columns-is-layout-9d6595d7 wp-block-columns-is-layout-flex">
<div class="wp-block-column is-layout-flow wp-block-column-is-layout-flow" style="flex-basis:10%"></div>



<div class="wp-block-column is-layout-flow wp-block-column-is-layout-flow" style="flex-basis:70%">
<p class="has-text-color has-link-color has-small-font-size wp-elements-b678bacfdd1b98af4e0d9b3c06b5c277" style="color:#a16e66">Je vous propose des cours privatifs en individuel ou en petit groupe. Je m’adapte à vos demandes et besoins pour vous accompagner sur des <strong>thématiques spécifiques </strong>(douleurs chroniques, fatigue, stress&#8230;). <br><br>Si vous souhaitez un <strong>accompagnement individuel personnalisé le temps de votre grossesse</strong> pour allier yoga pré-natal, post-natal et massage adapté, contactez-moi, nous verrons tout cela ensemble.</p>



<p class="has-text-align-left has-text-color has-link-color has-small-font-size wp-elements-354aa20343faff7bc200a744200f7191" style="color:#a16e66">Envie simplement d’aller plus loin dans votre pratique ou de découvrir ou re-découvrir le yoga? Offrez vous un&nbsp;<strong>cours particulier</strong>&nbsp;pour une approche personnalisée. J’adapterai le contenu à vos besoins et votre pratique.</p>



<p class="has-text-color has-link-color has-small-font-size wp-elements-aef3c78b3fd12a27672547d47b0db5ba" style="color:#a16e66">Je peux aussi vous accompagner srr des évènements comme un <strong>enterrement de vie de jeune fille</strong>, un&nbsp;<strong>anniversaire</strong>, une&nbsp;<strong>Baby Shower</strong>&nbsp;ou juste l’envie de partager un moment de bien-être en famille ou entre ami(e)s.<br><br>N’hésitez pas à me contacter pour plus d’infos :&nbsp;<a href="https://sophieduchamp.fr/index.php/contact/" target="_blank" rel="noreferrer noopener">Contact</a></p>
</div>



<div class="wp-block-column is-layout-flow wp-block-column-is-layout-flow"></div>



<div class="wp-block-column is-layout-flow wp-block-column-is-layout-flow" style="flex-basis:10%"></div>
</div>



<div style="height:56px" aria-hidden="true" class="wp-block-spacer"></div>



<div class="wp-block-columns is-layout-flex wp-container-core-columns-is-layout-9d6595d7 wp-block-columns-is-layout-flex">
<div class="wp-block-column is-layout-flow wp-block-column-is-layout-flow" style="flex-basis:150px"></div>



<div class="wp-block-column is-layout-flow wp-block-column-is-layout-flow" style="flex-basis:50px"></div>



<div class="wp-block-column is-layout-flow wp-block-column-is-layout-flow" style="flex-basis:300px">
<p class="has-text-align-left has-text-color has-link-color has-normal-font-size wp-elements-76f545a8f19eb740f6209db88d2693fa" style="color:#d9a299"><strong>COURS PARTICULIERS</strong></p>



<div class="wp-block-group is-nowrap is-layout-flex wp-container-core-group-is-layout-ad2f72ca wp-block-group-is-layout-flex">
<p class="has-text-align-left has-text-color has-link-color has-small-font-size wp-elements-ca49a38cdc2683b048e22a48d489f219" style="color:#a16e66"><strong>1h pour 1 personne : 60€<br>1h15 pour 1 personne: 70€</strong></p>



<div class="wp-block-columns is-layout-flex wp-container-core-columns-is-layout-9d6595d7 wp-block-columns-is-layout-flex">
<div class="wp-block-column is-layout-flow wp-block-column-is-layout-flow"></div>
</div>
</div>
</div>



<div class="wp-block-column is-layout-flow wp-block-column-is-layout-flow" style="flex-basis:390px">
<p class="has-text-align-left has-text-color has-link-color has-normal-font-size wp-elements-65ebd6138680f62002dc0afeeaca6079" style="color:#d9a299"><strong>COURS EN PETIT GROUPE</strong></p>



<p class="has-text-align-left has-text-color has-link-color has-small-font-size wp-elements-a084b953ed37ee21c9a16b233c96ff4b" style="color:#a16e66"><strong>1h pour 2 à 6 personnes : 60€<br>1h15 pour 2 à 6 personnes : 70€<br><br>1h pour 7 personnes ou plus : 10€ par personne<br>1h15 pour 7 personnes ou plus : 12€ par personne</strong></p>
</div>
</div>



<div style="height:27px" aria-hidden="true" class="wp-block-spacer"></div>



<figure class="wp-block-image aligncenter size-full is-resized"><img decoding="async" width="186" height="425" src="https://sophieduchamp.fr/wp-content/uploads/2026/03/dddd.jpg" alt="" class="wp-image-2454" style="width:158px;height:auto" srcset="https://sophieduchamp.fr/wp-content/uploads/2026/03/dddd.jpg 186w, https://sophieduchamp.fr/wp-content/uploads/2026/03/dddd-131x300.jpg 131w, https://sophieduchamp.fr/wp-content/uploads/2026/03/dddd-100x228.jpg 100w, https://sophieduchamp.fr/wp-content/uploads/2026/03/dddd-150x343.jpg 150w" sizes="(max-width: 186px) 100vw, 186px" /></figure>

<p>Yoga privatif et à la demande Je vous propose des cours privatifs en individuel ou en petit groupe. Je m’adapte à vos demandes et besoins pour vous accompagner sur des thématiques spécifiques (douleurs chroniques, fatigue, stress&#8230;). Si vous souhaitez un &hellip;</p>
<p class="read-more"> <a class="more-link" href="https://sophieduchamp.fr/index.php/cours-privatifs-2/"> <span class="screen-reader-text">COURS PRIVATIFS</span> Read More &raquo;</a></p>

Yoga privatif et à la demande Je vous propose des cours privatifs en individuel ou en petit groupe. Je m’adapte à vos demandes et besoins pour vous accompagner sur des thématiques spécifiques (douleurs chroniques, fatigue, stress&#8230;). Si vous souhaitez un &hellip;<p class="read-more"> <a class="more-link" href="https://sophieduchamp.fr/index.php/cours-privatifs-2/"> <span class="screen-reader-text">COURS PRIVATIFS</span> Read More &raquo;</a></p>
