{"id":2052,"date":"2026-03-03T13:12:04","date_gmt":"2026-03-03T12:12:04","guid":{"rendered":"https:\/\/sophieduchamp.fr\/?page_id=2052"},"modified":"2026-03-06T16:49:32","modified_gmt":"2026-03-06T15:49:32","slug":"massages","status":"publish","type":"page","link":"https:\/\/sophieduchamp.fr\/index.php\/massages\/","title":{"rendered":"MASSAGES"},"content":{"rendered":"\n<div style=\"height:10px\" aria-hidden=\"true\" class=\"wp-block-spacer\"><\/div>\n\n\n\n<p class=\"has-text-color has-link-color has-large-font-size wp-elements-c0064d42bd3c6daa22c5dbf9cf048a0c\" style=\"color:#d9a299\"><strong>MASSAGES BIEN-ETRE<\/strong><\/p>\n\n\n\n<figure class=\"wp-block-image aligncenter size-full is-resized\"><img fetchpriority=\"high\" decoding=\"async\" width=\"409\" height=\"183\" src=\"https:\/\/sophieduchamp.fr\/wp-content\/uploads\/2026\/03\/Pour-site-internet.jpg\" alt=\"\" class=\"wp-image-2465\" style=\"width:549px;height:auto\" srcset=\"https:\/\/sophieduchamp.fr\/wp-content\/uploads\/2026\/03\/Pour-site-internet.jpg 409w, https:\/\/sophieduchamp.fr\/wp-content\/uploads\/2026\/03\/Pour-site-internet-300x134.jpg 300w, https:\/\/sophieduchamp.fr\/wp-content\/uploads\/2026\/03\/Pour-site-internet-100x45.jpg 100w, https:\/\/sophieduchamp.fr\/wp-content\/uploads\/2026\/03\/Pour-site-internet-150x67.jpg 150w, https:\/\/sophieduchamp.fr\/wp-content\/uploads\/2026\/03\/Pour-site-internet-200x89.jpg 200w\" sizes=\"(max-width: 409px) 100vw, 409px\" \/><\/figure>\n\n\n\n<figure class=\"wp-block-image aligncenter size-full is-resized\"><img decoding=\"async\" width=\"452\" height=\"294\" src=\"https:\/\/sophieduchamp.fr\/wp-content\/uploads\/2026\/03\/111.png\" alt=\"\" class=\"wp-image-2249\" style=\"width:370px;height:auto\" srcset=\"https:\/\/sophieduchamp.fr\/wp-content\/uploads\/2026\/03\/111.png 452w, https:\/\/sophieduchamp.fr\/wp-content\/uploads\/2026\/03\/111-300x195.png 300w, https:\/\/sophieduchamp.fr\/wp-content\/uploads\/2026\/03\/111-100x65.png 100w, https:\/\/sophieduchamp.fr\/wp-content\/uploads\/2026\/03\/111-150x98.png 150w, https:\/\/sophieduchamp.fr\/wp-content\/uploads\/2026\/03\/111-200x130.png 200w, https:\/\/sophieduchamp.fr\/wp-content\/uploads\/2026\/03\/111-450x293.png 450w\" sizes=\"(max-width: 452px) 100vw, 452px\" \/><\/figure>\n\n\n\n<div class=\"wp-block-columns is-layout-flex wp-container-core-columns-is-layout-9d6595d7 wp-block-columns-is-layout-flex\">\n<div class=\"wp-block-column is-layout-flow wp-block-column-is-layout-flow\" style=\"flex-basis:10%\"><\/div>\n\n\n\n<div class=\"wp-block-column is-layout-flow wp-block-column-is-layout-flow\" style=\"flex-basis:70%\">\n<p class=\"has-text-color has-link-color has-large-font-size wp-elements-d16ea4cb62ff27decbf837b95b2cf4d0\" style=\"color:#d9a299\"><strong>INVITATION AU VOYAGE INTERIEUR<\/strong><\/p>\n\n\n\n<p class=\"has-text-align-center has-text-color has-link-color has-small-font-size wp-elements-086e8205a2c38674554a0586f567655e\" style=\"color:#a16e66\">Chaque massage se d\u00e9roule ainsi :<br><strong><br>\u00b0 <\/strong>Un temps d&rsquo;accueil revenir pleinement ici et maintenant<br><strong>\u00b0<\/strong> Un temps d&rsquo;\u00e9change pour mieux vous conna\u00eetre et accueillir vos besoins<br><strong>\u00b0 <\/strong>Le massage de 1h ou 1h30 selon ce qui aura \u00e9t\u00e9 choisi<br><strong>\u00b0 <\/strong>Un temps d&rsquo;int\u00e9gration et accueil encore allong\u00e9(e) sur la table dans l&rsquo;immobilit\u00e9 et le calme<br><strong>\u00b0 <\/strong>Un dernier temps de partage autour d&rsquo;un verre d&rsquo;eau si vous en ressentez le besoin<\/p>\n\n\n\n<div style=\"height:32px\" aria-hidden=\"true\" class=\"wp-block-spacer\"><\/div>\n<\/div>\n\n\n\n<div class=\"wp-block-column is-layout-flow wp-block-column-is-layout-flow\" style=\"flex-basis:10%\"><\/div>\n<\/div>\n\n\n\n<div class=\"wp-block-media-text is-stacked-on-mobile\" style=\"grid-template-columns:15% auto\"><figure class=\"wp-block-media-text__media\"><img decoding=\"async\" width=\"186\" height=\"425\" src=\"https:\/\/sophieduchamp.fr\/wp-content\/uploads\/2026\/03\/dddd.jpg\" alt=\"\" class=\"wp-image-2454 size-full\" srcset=\"https:\/\/sophieduchamp.fr\/wp-content\/uploads\/2026\/03\/dddd.jpg 186w, https:\/\/sophieduchamp.fr\/wp-content\/uploads\/2026\/03\/dddd-131x300.jpg 131w, https:\/\/sophieduchamp.fr\/wp-content\/uploads\/2026\/03\/dddd-100x228.jpg 100w, https:\/\/sophieduchamp.fr\/wp-content\/uploads\/2026\/03\/dddd-150x343.jpg 150w\" sizes=\"(max-width: 186px) 100vw, 186px\" \/><\/figure><div class=\"wp-block-media-text__content\">\n<p class=\"has-text-align-left has-text-color has-link-color has-normal-font-size wp-elements-94fb5532ef05e76f5d2e9fee312f0f6b\" style=\"color:#d9a299\"><strong>MASSAGE BIEN-ETRE<\/strong><\/p>\n\n\n\n<p class=\"has-text-align-left has-text-color has-link-color has-small-font-size wp-elements-f59d211afe7438d50d225e6784b02c0a\" style=\"color:#a16e66\">Un massage personnalis\u00e9 pour d\u00e9nouer les tensions du corps, apaiser le mental, se d\u00e9tendre et se ressourcer.<br>Nous d\u00e9finissons ensemble en amont les parties du corps qui seront mass\u00e9es ou non&nbsp;; ainsi que l\u2019intensit\u00e9, le rythme et la pression du massage.<\/p>\n\n\n\n<p class=\"has-text-color has-link-color wp-elements-49907ba82fc4fd9fb8e87519d4d31950\" style=\"color:#a16e66\"><strong>Chaque massage est unique car il est en lien avec l&rsquo;instant pr\u00e9sent, avec l&rsquo;\u00e9tat \u00e9motionnel et physique dans lequel vous arrivez, avec vos besoins et intentions du moment. Le corps parle, je fais au mieux pour l&rsquo;\u00e9couter et ajuster le massage dans l&rsquo;instant pr\u00e9sent. <\/strong><\/p>\n\n\n\n<p class=\"has-text-align-left has-text-color has-link-color has-small-font-size wp-elements-736725d620c187f61451dcb8a894b677\" style=\"color:#a16e66\"><strong>Et plus sp\u00e9cifiquement pour les femmes&nbsp; enceintes <\/strong>: un massage qui se veut \u00eatre un voyage, une pause suspendue hors du temps pour vous ressourcer. Je vous accompagne \u00e0 vous installer confortablement sur la table de massage dans des postures de yoga restauratif (aucun pr\u00e9requis de pratique de yoga demand\u00e9: postures allong\u00e9es tr\u00e8s simples et surtout confortables et adapt\u00e9es \u00e0 la grossesse) qui favorisent le repos, la d\u00e9tente et le rel\u00e2chement pendant que je masse les parties de votre corps qui en ont besoin.<\/p>\n<\/div><\/div>\n\n\n\n<p class=\"has-text-align-center has-text-color has-link-color wp-elements-5cd78b910889206a04987b576bda58db\" style=\"color:#a16e66\"><strong>Massage 1h -&gt; 60\u20ac <\/strong>(Dur\u00e9e du RDV&nbsp;: +- 1h30)<strong><br>Massage 1h30 -&gt; 80\u20ac<\/strong> (Dur\u00e9e du RDV&nbsp;: +- 2h)<\/p>\n\n\n\n<div style=\"height:24px\" aria-hidden=\"true\" class=\"wp-block-spacer\"><\/div>\n\n\n\n<figure class=\"wp-block-image aligncenter size-full is-resized\"><img loading=\"lazy\" decoding=\"async\" width=\"454\" height=\"363\" src=\"https:\/\/sophieduchamp.fr\/wp-content\/uploads\/2026\/03\/1111.png\" alt=\"\" class=\"wp-image-2251\" style=\"width:370px\" srcset=\"https:\/\/sophieduchamp.fr\/wp-content\/uploads\/2026\/03\/1111.png 454w, https:\/\/sophieduchamp.fr\/wp-content\/uploads\/2026\/03\/1111-300x240.png 300w, https:\/\/sophieduchamp.fr\/wp-content\/uploads\/2026\/03\/1111-100x80.png 100w, https:\/\/sophieduchamp.fr\/wp-content\/uploads\/2026\/03\/1111-150x120.png 150w, https:\/\/sophieduchamp.fr\/wp-content\/uploads\/2026\/03\/1111-200x160.png 200w, https:\/\/sophieduchamp.fr\/wp-content\/uploads\/2026\/03\/1111-450x360.png 450w\" sizes=\"(max-width: 454px) 100vw, 454px\" \/><\/figure>\n\n\n\n<div style=\"height:33px\" aria-hidden=\"true\" class=\"wp-block-spacer\"><\/div>\n\n\n\n<p class=\"has-text-color has-link-color has-large-font-size wp-elements-d4c6cd23e3b86680702446481336a3b6\" style=\"color:#d9a299\"><strong>CHARTE ETHIQUE<\/strong><\/p>\n\n\n\n<div class=\"wp-block-columns is-layout-flex wp-container-core-columns-is-layout-9d6595d7 wp-block-columns-is-layout-flex\">\n<div class=\"wp-block-column is-layout-flow wp-block-column-is-layout-flow\" style=\"flex-basis:10%\"><\/div>\n\n\n\n<div class=\"wp-block-column is-layout-flow wp-block-column-is-layout-flow\" style=\"flex-basis:70%\">\n<p class=\"has-text-color has-link-color has-small-font-size wp-elements-73ea5ada0abe6c66d20a0b6bce26e39b\" style=\"color:#a16e66\"><strong>En vous accueillant, je m\u2019engage \u00e0&nbsp;:<\/strong><br><strong>\u00b0 <\/strong>Mettre&nbsp;en \u0153uvre les protocoles et techniques en mesure de garantir l\u2019hygi\u00e8ne et la s\u00e9curit\u00e9 sanitaire.<br><strong><strong>\u00b0<\/strong><\/strong> Etre dans une attitude de respect, \u00e9coute attentive et bienveillance.<br><strong><strong>\u00b0<\/strong> <\/strong>Vous garantir la confidentialit\u00e9 de ce qui sera partag\u00e9 dans une cadre de confiance.<br><strong><strong>\u00b0<\/strong><\/strong> Respecter votre personne, votre intimit\u00e9 et votre pudeur pendant le massage.<br><strong><strong>\u00b0<\/strong> <\/strong>Faire de mon mieux pour r\u00e9pondre \u00e0 vos besoin et vous apporter un soin de qualit\u00e9.<br><strong><strong>\u00b0<\/strong><\/strong> Utiliser des huiles de massages naturelles et de qualit\u00e9.<br><strong><strong>\u00b0<\/strong><\/strong> Respecter mon droit de refuser toute demande ou situation portant atteinte \u00e0 mon \u00e9thique et mon int\u00e9grit\u00e9<\/p>\n\n\n\n<p class=\"has-text-color has-link-color has-small-font-size wp-elements-64c72f57e3aa632fe30a969fbfcea0ee\" style=\"color:#a16e66\"><br><strong>En prenant RDV&nbsp;avec moi, vous vous engagez \u00e0&nbsp;:<\/strong><br><strong><strong>\u00b0<\/strong> <\/strong>Respecter l\u2019horaire du RDV.<br><strong><strong>\u00b0<\/strong> <\/strong>Respecter une hygi\u00e8ne corporelle irr\u00e9prochable et un comportement respectueux.<br><strong><strong>\u00b0<\/strong><\/strong> Me tenir inform\u00e9e en cas de probl\u00e8me de sant\u00e9, traitement m\u00e9dical, implant, proth\u00e8se, allergie\u2026<br><strong><strong>\u00b0<\/strong><\/strong> Me pr\u00e9venir au plus t\u00f4t en cas d\u2019annulation.<\/p>\n<\/div>\n\n\n\n<div class=\"wp-block-column is-layout-flow wp-block-column-is-layout-flow\" style=\"flex-basis:10%\"><\/div>\n<\/div>\n\n\n\n<p class=\"has-text-color has-link-color has-large-font-size wp-elements-4e4b93450982567b75efac9038697fb7\" style=\"color:#d9a299\"><strong>INFORMATIONS PRATIQUES<\/strong><\/p>\n\n\n\n<div class=\"wp-block-columns is-layout-flex wp-container-core-columns-is-layout-9d6595d7 wp-block-columns-is-layout-flex\">\n<div class=\"wp-block-column is-layout-flow wp-block-column-is-layout-flow\" style=\"flex-basis:10%\"><\/div>\n\n\n\n<div class=\"wp-block-column is-layout-flow wp-block-column-is-layout-flow\" style=\"flex-basis:70%\">\n<p class=\"has-text-color has-link-color has-small-font-size wp-elements-9ae7cf6c44398fde014f827ebc3b3bb1\" style=\"color:#a16e66\">Un SMS est envoy\u00e9 syst\u00e9matiquement 24 \u00e0 48h avant le RDV&nbsp;pour reconfirmer ce dernier.<br>La dur\u00e9e de validit\u00e9 des cartes cadeaux est de 6 mois, merci de bien anticiper votre prise de RDV.<br>Le r\u00e8glement se fait sur place en ch\u00e8que ou esp\u00e8ces (je ne suis pas \u00e9quip\u00e9e pour les paiements CB).<\/p>\n<\/div>\n\n\n\n<div class=\"wp-block-column is-layout-flow wp-block-column-is-layout-flow\" style=\"flex-basis:10%\"><\/div>\n<\/div>\n\n\n\n<p class=\"has-text-color has-link-color has-large-font-size wp-elements-56a76ba413d7ae50be1f26839e0d1e63\" style=\"color:#d9a299\"><strong>OFFRIR UN MASSAGE<\/strong><\/p>\n\n\n\n<div class=\"wp-block-columns is-layout-flex wp-container-core-columns-is-layout-9d6595d7 wp-block-columns-is-layout-flex\">\n<div class=\"wp-block-column is-layout-flow wp-block-column-is-layout-flow\" style=\"flex-basis:10%\"><\/div>\n\n\n\n<div class=\"wp-block-column is-layout-flow wp-block-column-is-layout-flow\" style=\"flex-basis:70%\">\n<p class=\"has-text-color has-link-color has-small-font-size wp-elements-5cf25559dd1494e6c59c6b992acbd054\" style=\"color:#a16e66\">Pour offrir une carte cadeau, je vous invite \u00e0 me contacter par email en me communiquant le nom et pr\u00e9nom de la personne \u00e0 qui vous souhaitez l&rsquo;offrir ainsi que la valeur du bon cadeau.<\/p>\n<\/div>\n\n\n\n<div class=\"wp-block-column is-layout-flow wp-block-column-is-layout-flow\" style=\"flex-basis:10%\"><\/div>\n<\/div>\n\n\n\n<figure class=\"wp-block-image aligncenter size-large is-resized\"><img loading=\"lazy\" decoding=\"async\" width=\"1024\" height=\"726\" src=\"https:\/\/sophieduchamp.fr\/wp-content\/uploads\/2026\/03\/Bon-Cadeau-Spa-Massage-Professionnel-Elegant-Marron-et-Beige-1024x726.jpg\" alt=\"\" class=\"wp-image-2468\" style=\"aspect-ratio:1.4105846641150852;width:252px;height:auto\" srcset=\"https:\/\/sophieduchamp.fr\/wp-content\/uploads\/2026\/03\/Bon-Cadeau-Spa-Massage-Professionnel-Elegant-Marron-et-Beige-1024x726.jpg 1024w, https:\/\/sophieduchamp.fr\/wp-content\/uploads\/2026\/03\/Bon-Cadeau-Spa-Massage-Professionnel-Elegant-Marron-et-Beige-300x213.jpg 300w, https:\/\/sophieduchamp.fr\/wp-content\/uploads\/2026\/03\/Bon-Cadeau-Spa-Massage-Professionnel-Elegant-Marron-et-Beige-768x545.jpg 768w, https:\/\/sophieduchamp.fr\/wp-content\/uploads\/2026\/03\/Bon-Cadeau-Spa-Massage-Professionnel-Elegant-Marron-et-Beige-1536x1090.jpg 1536w, https:\/\/sophieduchamp.fr\/wp-content\/uploads\/2026\/03\/Bon-Cadeau-Spa-Massage-Professionnel-Elegant-Marron-et-Beige-100x71.jpg 100w, https:\/\/sophieduchamp.fr\/wp-content\/uploads\/2026\/03\/Bon-Cadeau-Spa-Massage-Professionnel-Elegant-Marron-et-Beige-150x106.jpg 150w, https:\/\/sophieduchamp.fr\/wp-content\/uploads\/2026\/03\/Bon-Cadeau-Spa-Massage-Professionnel-Elegant-Marron-et-Beige-200x142.jpg 200w, https:\/\/sophieduchamp.fr\/wp-content\/uploads\/2026\/03\/Bon-Cadeau-Spa-Massage-Professionnel-Elegant-Marron-et-Beige-450x319.jpg 450w, https:\/\/sophieduchamp.fr\/wp-content\/uploads\/2026\/03\/Bon-Cadeau-Spa-Massage-Professionnel-Elegant-Marron-et-Beige-600x426.jpg 600w, https:\/\/sophieduchamp.fr\/wp-content\/uploads\/2026\/03\/Bon-Cadeau-Spa-Massage-Professionnel-Elegant-Marron-et-Beige-900x638.jpg 900w, https:\/\/sophieduchamp.fr\/wp-content\/uploads\/2026\/03\/Bon-Cadeau-Spa-Massage-Professionnel-Elegant-Marron-et-Beige.jpg 1748w\" sizes=\"(max-width: 1024px) 100vw, 1024px\" \/><\/figure>\n\n\n\n<div style=\"height:19px\" aria-hidden=\"true\" class=\"wp-block-spacer\"><\/div>\n\n\n\n<p class=\"has-text-color has-link-color has-large-font-size wp-elements-789c621332abbecc8318c1445b59ddfc\" style=\"color:#d9a299\"><strong>QUELQUES MOTS SUR<\/strong><br><strong>MON APPROCHE ET MA PRATIQUE<\/strong><\/p>\n\n\n\n<div class=\"wp-block-columns is-layout-flex wp-container-core-columns-is-layout-9d6595d7 wp-block-columns-is-layout-flex\">\n<div class=\"wp-block-column is-layout-flow wp-block-column-is-layout-flow\" style=\"flex-basis:10%\"><\/div>\n\n\n\n<div class=\"wp-block-column is-layout-flow wp-block-column-is-layout-flow\" style=\"flex-basis:70%\">\n<p class=\"has-text-color has-link-color has-small-font-size wp-elements-295f7a8207ae7ec624b5fc6602f7702d\" style=\"color:#a16e66\">La premi\u00e8re porte que j\u2019ai pouss\u00e9e est celle du massage traditionnel Tha\u00eflandais, lors d\u2019une immersion d\u2019un mois en Tha\u00eflande. C\u2019est l\u00e0 que j\u2019ai d\u00e9couvert que j\u2019aimais autant donner que recevoir le massage. J\u2019ai d\u00e9couvert combien j\u2019aimais donner, prendre soin, comme une \u00e9vidence qui s\u2019est impos\u00e9e \u00e0 moi, comme un nouveau chemin \u00e0 emprunter et d\u00e9couvrir.<br><br>La deuxi\u00e8me porte que j\u2019ai pouss\u00e9e est celle de l\u2019Ayurveda, la m\u00e9decine traditionnelle Indienne. J\u2019ai appris \u00e0 me conna\u00eetre et me comprendre selon les principes de l\u2019Ayurveda. En Inde j\u2019ai re\u00e7u des soins qui m\u2019ont permis de nettoyer mon corps et d&rsquo;all\u00e9ger mon esprit et mon \u00e2me. Comme si j\u2019avais fait peau neuve : une renaissance et un passage vers une nouvelle \u00e9tape de ma vie. J\u2019ai ensuite suivi une formation sur les techniques de massages ayurv\u00e9diques et les fondements de l&rsquo;Ayurveda.<\/p>\n\n\n\n<p class=\"has-text-color has-link-color has-small-font-size wp-elements-b6f47444cf1166af8f798262edd80b2b\" style=\"color:#a16e66\">La troisi\u00e8me porte que j\u2019ai pouss\u00e9 m\u2019a permis d\u2019explorer d\u2019autres m\u00e9thodes, savoirs et techniques de massages et soin&nbsp;: massage sur chaise&nbsp;; drainage lymphatique&nbsp;; massage Maya du bas ventre et f\u00e9minin sacr\u00e9&nbsp;; Pranath\u00e9rapie&nbsp;; initiation au magn\u00e9tisme&nbsp;; massage sonore aux bols tib\u00e9tains\u2026<br><br>La derni\u00e8re porte \u00e0 ce jour que j\u2019ai pouss\u00e9e est celle qui m\u2019am\u00e8ne aujourd\u2019hui \u00e0 tout doucement me d\u00e9tacher de tous ces protocoles et m\u00e9thodes qui m\u2019ont amen\u00e9s jusqu\u2019ici. Comme un besoin de d\u00e9lester, \u00e9purer pour accueillir un renouveau, une \u00e9tape de plus vers une autre fa\u00e7on de masser d\u2019accompagner. Laisser place \u00e0 ce qui vient dans l\u2019instant, intuitivement et bien guid\u00e9e par ce qui se pr\u00e9sente dans l&rsquo;instant \u00e0 chaque rencontre.<\/p>\n<\/div>\n\n\n\n<div class=\"wp-block-column is-layout-flow wp-block-column-is-layout-flow\" style=\"flex-basis:10%\"><\/div>\n<\/div>\n\n\n\n<figure class=\"wp-block-image aligncenter size-full is-resized\"><img loading=\"lazy\" decoding=\"async\" width=\"500\" height=\"78\" src=\"https:\/\/sophieduchamp.fr\/wp-content\/uploads\/2026\/03\/LUNES-marron-fonce.jpg\" alt=\"\" class=\"wp-image-2433\" style=\"aspect-ratio:6.413087934560327;width:237px;height:auto\" srcset=\"https:\/\/sophieduchamp.fr\/wp-content\/uploads\/2026\/03\/LUNES-marron-fonce.jpg 500w, https:\/\/sophieduchamp.fr\/wp-content\/uploads\/2026\/03\/LUNES-marron-fonce-300x47.jpg 300w, https:\/\/sophieduchamp.fr\/wp-content\/uploads\/2026\/03\/LUNES-marron-fonce-100x16.jpg 100w, https:\/\/sophieduchamp.fr\/wp-content\/uploads\/2026\/03\/LUNES-marron-fonce-150x23.jpg 150w, https:\/\/sophieduchamp.fr\/wp-content\/uploads\/2026\/03\/LUNES-marron-fonce-200x31.jpg 200w, https:\/\/sophieduchamp.fr\/wp-content\/uploads\/2026\/03\/LUNES-marron-fonce-450x70.jpg 450w\" sizes=\"(max-width: 500px) 100vw, 500px\" \/><\/figure>\n\n\n\n<p><\/p>\n","protected":false},"excerpt":{"rendered":"<p>MASSAGES BIEN-ETRE INVITATION AU VOYAGE INTERIEUR Chaque massage se d\u00e9roule ainsi :\u00b0 Un temps d&rsquo;accueil revenir pleinement ici et maintenant\u00b0 Un temps d&rsquo;\u00e9change pour mieux vous conna\u00eetre et accueillir vos besoins\u00b0 Le massage de 1h ou 1h30 selon ce qui &hellip;<\/p>\n<p class=\"read-more\"> <a class=\"more-link\" href=\"https:\/\/sophieduchamp.fr\/index.php\/massages\/\"> <span class=\"screen-reader-text\">MASSAGES<\/span> Read More &raquo;<\/a><\/p>\n","protected":false},"author":1,"featured_media":0,"parent":0,"menu_order":0,"comment_status":"closed","ping_status":"closed","template":"","meta":{"footnotes":""},"class_list":["post-2052","page","type-page","status-publish","hentry"],"featured_image_src":"","featured_image_src_square":false,"rbea_author_info":{"display_name":"admin5230","author_link":"https:\/\/sophieduchamp.fr\/index.php\/author\/admin5230\/"},"rbea_excerpt_info":"MASSAGES BIEN-ETRE INVITATION AU VOYAGE INTERIEUR Chaque massage se d\u00e9roule ainsi :\u00b0 Un temps d&rsquo;accueil revenir pleinement ici et maintenant\u00b0 Un temps d&rsquo;\u00e9change pour mieux vous conna\u00eetre et accueillir vos besoins\u00b0 Le massage de 1h ou 1h30 selon ce qui &hellip;<p class=\"read-more\"> <a class=\"more-link\" href=\"https:\/\/sophieduchamp.fr\/index.php\/massages\/\"> <span class=\"screen-reader-text\">MASSAGES<\/span> Read More &raquo;<\/a><\/p>","_links":{"self":[{"href":"https:\/\/sophieduchamp.fr\/index.php\/wp-json\/wp\/v2\/pages\/2052","targetHints":{"allow":["GET"]}}],"collection":[{"href":"https:\/\/sophieduchamp.fr\/index.php\/wp-json\/wp\/v2\/pages"}],"about":[{"href":"https:\/\/sophieduchamp.fr\/index.php\/wp-json\/wp\/v2\/types\/page"}],"author":[{"embeddable":true,"href":"https:\/\/sophieduchamp.fr\/index.php\/wp-json\/wp\/v2\/users\/1"}],"replies":[{"embeddable":true,"href":"https:\/\/sophieduchamp.fr\/index.php\/wp-json\/wp\/v2\/comments?post=2052"}],"version-history":[{"count":65,"href":"https:\/\/sophieduchamp.fr\/index.php\/wp-json\/wp\/v2\/pages\/2052\/revisions"}],"predecessor-version":[{"id":2653,"href":"https:\/\/sophieduchamp.fr\/index.php\/wp-json\/wp\/v2\/pages\/2052\/revisions\/2653"}],"wp:attachment":[{"href":"https:\/\/sophieduchamp.fr\/index.php\/wp-json\/wp\/v2\/media?parent=2052"}],"curies":[{"name":"wp","href":"https:\/\/api.w.org\/{rel}","templated":true}]}}